{"id":1172,"date":"2018-04-11T15:12:18","date_gmt":"2018-04-11T14:12:18","guid":{"rendered":"https:\/\/www.bemnutrir.com\/portal\/?page_id=1172"},"modified":"2025-01-09T12:50:45","modified_gmt":"2025-01-09T11:50:45","slug":"contactar","status":"publish","type":"page","link":"https:\/\/www.bemnutrir.com\/portal\/?page_id=1172","title":{"rendered":"Contactos"},"content":{"rendered":"\t\t<div data-elementor-type=\"wp-post\" data-elementor-id=\"1172\" class=\"elementor elementor-1172\">\n\t\t\t\t\t\t<section class=\"elementor-section elementor-top-section elementor-element elementor-element-47de957 elementor-section-boxed elementor-section-height-default elementor-section-height-default\" data-id=\"47de957\" data-element_type=\"section\" data-e-type=\"section\">\n\t\t\t\t\t\t<div class=\"elementor-container elementor-column-gap-default\">\n\t\t\t\t\t<div class=\"elementor-column elementor-col-50 elementor-top-column elementor-element elementor-element-db7808a\" data-id=\"db7808a\" data-element_type=\"column\" data-e-type=\"column\">\n\t\t\t<div class=\"elementor-widget-wrap elementor-element-populated\">\n\t\t\t\t\t\t<div class=\"elementor-element elementor-element-7268e8d elementor-widget elementor-widget-heading\" data-id=\"7268e8d\" data-element_type=\"widget\" data-e-type=\"widget\" data-widget_type=\"heading.default\">\n\t\t\t\t<div class=\"elementor-widget-container\">\n\t\t\t\t\t<h3 class=\"elementor-heading-title elementor-size-default\"><a href=\"https:\/\/www.cligenus.com\">Cligenus<\/a><\/h3>\t\t\t\t<\/div>\n\t\t\t\t<\/div>\n\t\t\t\t\t<\/div>\n\t\t<\/div>\n\t\t\t\t<div class=\"elementor-column elementor-col-50 elementor-top-column elementor-element elementor-element-4290d9b\" data-id=\"4290d9b\" data-element_type=\"column\" data-e-type=\"column\">\n\t\t\t<div class=\"elementor-widget-wrap elementor-element-populated\">\n\t\t\t\t\t\t<div class=\"elementor-element elementor-element-934f1f9 elementor-widget elementor-widget-heading\" data-id=\"934f1f9\" data-element_type=\"widget\" data-e-type=\"widget\" data-widget_type=\"heading.default\">\n\t\t\t\t<div class=\"elementor-widget-container\">\n\t\t\t\t\t<h3 class=\"elementor-heading-title elementor-size-default\"><a href=\"https:\/\/www.instagram.com\/amfisiodermaclinica\/\">AM Fisioderma<\/a><\/h3>\t\t\t\t<\/div>\n\t\t\t\t<\/div>\n\t\t\t\t\t<\/div>\n\t\t<\/div>\n\t\t\t\t\t<\/div>\n\t\t<\/section>\n\t\t\t\t<section class=\"elementor-section elementor-top-section elementor-element elementor-element-bf7d800 elementor-section-boxed elementor-section-height-default elementor-section-height-default\" data-id=\"bf7d800\" data-element_type=\"section\" data-e-type=\"section\">\n\t\t\t\t\t\t<div class=\"elementor-container elementor-column-gap-default\">\n\t\t\t\t\t<div class=\"elementor-column elementor-col-50 elementor-top-column elementor-element elementor-element-587a4ae\" data-id=\"587a4ae\" data-element_type=\"column\" data-e-type=\"column\">\n\t\t\t<div class=\"elementor-widget-wrap elementor-element-populated\">\n\t\t\t\t\t\t<div class=\"elementor-element elementor-element-e13dc25 elementor-widget elementor-widget-text-editor\" data-id=\"e13dc25\" data-element_type=\"widget\" data-e-type=\"widget\" data-widget_type=\"text-editor.default\">\n\t\t\t\t<div class=\"elementor-widget-container\">\n\t\t\t\t\t\t\t\t\t<p style=\"box-sizing: inherit;\"><span style=\"color: #0000ff; font-family: Libre Franklin, Helvetica Neue, helvetica, arial, sans-serif;\">Av. da Liberdade, 244 \u2013 1\u00ba<br \/><\/span><span style=\"color: #0000ff; font-family: 'Libre Franklin', 'Helvetica Neue', helvetica, arial, sans-serif; font-weight: var( --e-global-typography-text-font-weight ); font-size: 1rem;\">1250-149 Lisboa<\/span><\/p><p style=\"box-sizing: inherit;\"><span style=\"color: #0000ff; font-family: 'Libre Franklin', 'Helvetica Neue', helvetica, arial, sans-serif; font-weight: var( --e-global-typography-text-font-weight ); font-size: 1rem;\">(Junto ao Marqu\u00eas de Pombal e ao edif\u00edcio do Di\u00e1rio de Not\u00edcias)<br \/><\/span><span style=\"color: #0000ff; font-family: 'Libre Franklin', 'Helvetica Neue', helvetica, arial, sans-serif; font-size: 1rem; font-weight: var( --e-global-typography-text-font-weight );\"><br \/><strong>Telef:<\/strong> 213 173 900<br \/><\/span><span style=\"color: #0000ff; font-family: 'Libre Franklin', 'Helvetica Neue', helvetica, arial, sans-serif; font-weight: var( --e-global-typography-text-font-weight ); font-size: 1rem;\"><strong>TM:<\/strong> 919276368<br \/><\/span><span style=\"color: #0000ff; font-family: 'Libre Franklin', 'Helvetica Neue', helvetica, arial, sans-serif; font-size: 1rem; font-weight: var( --e-global-typography-text-font-weight );\"><br \/>Site: <a style=\"color: #0000ff;\" href=\"https:\/\/www.cligenus.com\/\" target=\"_blank\" rel=\"noopener\">https:\/\/www.cligenus.com\/<\/a><\/span><\/p>\t\t\t\t\t\t\t\t<\/div>\n\t\t\t\t<\/div>\n\t\t\t\t\t<\/div>\n\t\t<\/div>\n\t\t\t\t<div class=\"elementor-column elementor-col-50 elementor-top-column elementor-element elementor-element-fc74f23\" data-id=\"fc74f23\" data-element_type=\"column\" data-e-type=\"column\">\n\t\t\t<div class=\"elementor-widget-wrap elementor-element-populated\">\n\t\t\t\t\t\t<div class=\"elementor-element elementor-element-afd0f61 elementor-widget elementor-widget-text-editor\" data-id=\"afd0f61\" data-element_type=\"widget\" data-e-type=\"widget\" data-widget_type=\"text-editor.default\">\n\t\t\t\t<div class=\"elementor-widget-container\">\n\t\t\t\t\t\t\t\t\t<p><span style=\"color: #0000ff;\">Rua Manuel da Silva Leal n\u00ba1 C \u2013 Sala 4<\/span><br \/><span style=\"color: #0000ff;\">1600-161 Lisboa<\/span><\/p><p><span style=\"color: #0000ff;\">(Junto ao metro das Laranjeiras)<br \/><\/span><\/p><p><span style=\"color: #0000ff;\"><strong>TM:<\/strong> 918619083<\/span><\/p><p><span style=\"color: #0000ff;\">Instagram: amfisiodermaclinica<\/span><\/p>\t\t\t\t\t\t\t\t<\/div>\n\t\t\t\t<\/div>\n\t\t\t\t\t<\/div>\n\t\t<\/div>\n\t\t\t\t\t<\/div>\n\t\t<\/section>\n\t\t\t\t<section class=\"elementor-section elementor-top-section elementor-element elementor-element-8737092 elementor-section-boxed elementor-section-height-default elementor-section-height-default\" data-id=\"8737092\" data-element_type=\"section\" data-e-type=\"section\">\n\t\t\t\t\t\t<div class=\"elementor-container elementor-column-gap-default\">\n\t\t\t\t\t<div class=\"elementor-column elementor-col-100 elementor-top-column elementor-element elementor-element-151f7e2\" data-id=\"151f7e2\" data-element_type=\"column\" data-e-type=\"column\">\n\t\t\t<div class=\"elementor-widget-wrap elementor-element-populated\">\n\t\t\t\t\t\t<div class=\"elementor-element elementor-element-a5a73da elementor-widget-divider--view-line elementor-widget elementor-widget-divider\" data-id=\"a5a73da\" data-element_type=\"widget\" data-e-type=\"widget\" data-widget_type=\"divider.default\">\n\t\t\t\t<div class=\"elementor-widget-container\">\n\t\t\t\t\t\t\t<div class=\"elementor-divider\">\n\t\t\t<span class=\"elementor-divider-separator\">\n\t\t\t\t\t\t<\/span>\n\t\t<\/div>\n\t\t\t\t\t\t<\/div>\n\t\t\t\t<\/div>\n\t\t\t\t\t<\/div>\n\t\t<\/div>\n\t\t\t\t\t<\/div>\n\t\t<\/section>\n\t\t\t\t<\/div>\n\t\t","protected":false},"excerpt":{"rendered":"<p>Cligenus AM Fisioderma Av. da Liberdade, 244 \u2013 1\u00ba1250-149 Lisboa (Junto ao Marqu\u00eas de Pombal e ao edif\u00edcio do Di\u00e1rio de Not\u00edcias) Telef: 213 173 900TM: 919276368 Site: https:\/\/www.cligenus.com\/ Rua Manuel da Silva Leal n\u00ba1 C \u2013 Sala 41600-161 Lisboa (Junto ao metro das Laranjeiras) TM: 918619083 Instagram: amfisiodermaclinica<\/p>\n","protected":false},"author":1,"featured_media":345,"parent":0,"menu_order":0,"comment_status":"closed","ping_status":"closed","template":"","meta":{"footnotes":""},"class_list":["post-1172","page","type-page","status-publish","has-post-thumbnail","hentry"],"_links":{"self":[{"href":"https:\/\/www.bemnutrir.com\/portal\/index.php?rest_route=\/wp\/v2\/pages\/1172","targetHints":{"allow":["GET"]}}],"collection":[{"href":"https:\/\/www.bemnutrir.com\/portal\/index.php?rest_route=\/wp\/v2\/pages"}],"about":[{"href":"https:\/\/www.bemnutrir.com\/portal\/index.php?rest_route=\/wp\/v2\/types\/page"}],"author":[{"embeddable":true,"href":"https:\/\/www.bemnutrir.com\/portal\/index.php?rest_route=\/wp\/v2\/users\/1"}],"replies":[{"embeddable":true,"href":"https:\/\/www.bemnutrir.com\/portal\/index.php?rest_route=%2Fwp%2Fv2%2Fcomments&post=1172"}],"version-history":[{"count":28,"href":"https:\/\/www.bemnutrir.com\/portal\/index.php?rest_route=\/wp\/v2\/pages\/1172\/revisions"}],"predecessor-version":[{"id":1700,"href":"https:\/\/www.bemnutrir.com\/portal\/index.php?rest_route=\/wp\/v2\/pages\/1172\/revisions\/1700"}],"wp:featuredmedia":[{"embeddable":true,"href":"https:\/\/www.bemnutrir.com\/portal\/index.php?rest_route=\/wp\/v2\/media\/345"}],"wp:attachment":[{"href":"https:\/\/www.bemnutrir.com\/portal\/index.php?rest_route=%2Fwp%2Fv2%2Fmedia&parent=1172"}],"curies":[{"name":"wp","href":"https:\/\/api.w.org\/{rel}","templated":true}]}}