{"id":362,"date":"2017-03-22T09:39:07","date_gmt":"2017-03-22T09:39:07","guid":{"rendered":"http:\/\/www.bemnutrir.com\/portal\/?page_id=362"},"modified":"2017-05-05T08:34:54","modified_gmt":"2017-05-05T08:34:54","slug":"testes-e-tabelas","status":"publish","type":"page","link":"https:\/\/www.bemnutrir.com\/portal\/?page_id=362","title":{"rendered":"Testes e Tabelas"},"content":{"rendered":"<p><span style=\"color: #0000ff;\">Algumas tabelas e testes para o ajudar na sua alimenta\u00e7\u00e3o saud\u00e1vel.<\/span><\/p>\n","protected":false},"excerpt":{"rendered":"<p>Algumas tabelas e testes para o ajudar na sua alimenta\u00e7\u00e3o saud\u00e1vel.<\/p>\n","protected":false},"author":1,"featured_media":673,"parent":0,"menu_order":0,"comment_status":"closed","ping_status":"closed","template":"","meta":{"footnotes":""},"class_list":["post-362","page","type-page","status-publish","has-post-thumbnail","hentry"],"_links":{"self":[{"href":"https:\/\/www.bemnutrir.com\/portal\/index.php?rest_route=\/wp\/v2\/pages\/362","targetHints":{"allow":["GET"]}}],"collection":[{"href":"https:\/\/www.bemnutrir.com\/portal\/index.php?rest_route=\/wp\/v2\/pages"}],"about":[{"href":"https:\/\/www.bemnutrir.com\/portal\/index.php?rest_route=\/wp\/v2\/types\/page"}],"author":[{"embeddable":true,"href":"https:\/\/www.bemnutrir.com\/portal\/index.php?rest_route=\/wp\/v2\/users\/1"}],"replies":[{"embeddable":true,"href":"https:\/\/www.bemnutrir.com\/portal\/index.php?rest_route=%2Fwp%2Fv2%2Fcomments&post=362"}],"version-history":[{"count":0,"href":"https:\/\/www.bemnutrir.com\/portal\/index.php?rest_route=\/wp\/v2\/pages\/362\/revisions"}],"wp:featuredmedia":[{"embeddable":true,"href":"https:\/\/www.bemnutrir.com\/portal\/index.php?rest_route=\/wp\/v2\/media\/673"}],"wp:attachment":[{"href":"https:\/\/www.bemnutrir.com\/portal\/index.php?rest_route=%2Fwp%2Fv2%2Fmedia&parent=362"}],"curies":[{"name":"wp","href":"https:\/\/api.w.org\/{rel}","templated":true}]}}