{"id":45,"date":"2017-03-20T23:36:31","date_gmt":"2017-03-20T23:36:31","guid":{"rendered":"http:\/\/www.bemnutrir.com\/portal\/?page_id=45"},"modified":"2017-05-05T08:42:40","modified_gmt":"2017-05-05T08:42:40","slug":"consultas","status":"publish","type":"page","link":"https:\/\/www.bemnutrir.com\/portal\/?page_id=45","title":{"rendered":"Consultas"},"content":{"rendered":"<p><span style=\"color: #0000ff; font-size: 1rem;\">Disponibilizo Consultas de Nutri\u00e7\u00e3o e Alimenta\u00e7\u00e3o ONLINE.<\/span><\/p>\n<p><span style=\"color: #0000ff;\">Quem tenha um Seguro que cubra as despesas de Sa\u00fade e que pretenda frequentar as minhas Consultas de Nutri\u00e7\u00e3o e Alimenta\u00e7\u00e3o, dever\u00e1 escrever para o respectivo Seguro, e solicitar uma poss\u00edvel parceria.<\/span><\/p>\n<p><span style=\"color: #0000ff;\">Exemplos de Servi\u00e7os de Sa\u00fade:<\/span><br \/>\n<span style=\"color: #0000ff;\"> \u2013 M\u00e9dis, Advancecare, Unimed, Multicare, CentralMed, Eurosa\u00fade, PSP, CGD, SAMS, etc. O mesmo verifica-se para Sindicatos, Associa\u00e7\u00f5es, Empresas, etc.<\/span><\/p>\n<p><span style=\"color: #0000ff;\">Aceito outras sugest\u00f5es &#8211; para isso escreva-me um email para: <a style=\"color: #0000ff;\" href=\"mailto:bemnutrir@bemnutrir.com\" target=\"_blank\" rel=\"noopener noreferrer\">bemnutrir@bemnutrir.com<\/a><\/span><\/p>\n","protected":false},"excerpt":{"rendered":"<p>Disponibilizo Consultas de Nutri\u00e7\u00e3o e Alimenta\u00e7\u00e3o ONLINE. Quem tenha um Seguro que cubra as despesas de Sa\u00fade e que pretenda frequentar as minhas Consultas de Nutri\u00e7\u00e3o e Alimenta\u00e7\u00e3o, dever\u00e1 escrever para o respectivo Seguro, e solicitar uma poss\u00edvel parceria. Exemplos de Servi\u00e7os de Sa\u00fade: \u2013 M\u00e9dis, Advancecare, Unimed, Multicare, CentralMed, Eurosa\u00fade, PSP, CGD, SAMS, etc. &hellip; <\/p>\n<p class=\"link-more\"><a href=\"https:\/\/www.bemnutrir.com\/portal\/?page_id=45\" class=\"more-link\">Continuar a ler <span class=\"screen-reader-text\">&#8220;Consultas&#8221;<\/span><\/a><\/p>\n","protected":false},"author":1,"featured_media":677,"parent":0,"menu_order":0,"comment_status":"closed","ping_status":"closed","template":"","meta":{"footnotes":""},"class_list":["post-45","page","type-page","status-publish","has-post-thumbnail","hentry"],"_links":{"self":[{"href":"https:\/\/www.bemnutrir.com\/portal\/index.php?rest_route=\/wp\/v2\/pages\/45","targetHints":{"allow":["GET"]}}],"collection":[{"href":"https:\/\/www.bemnutrir.com\/portal\/index.php?rest_route=\/wp\/v2\/pages"}],"about":[{"href":"https:\/\/www.bemnutrir.com\/portal\/index.php?rest_route=\/wp\/v2\/types\/page"}],"author":[{"embeddable":true,"href":"https:\/\/www.bemnutrir.com\/portal\/index.php?rest_route=\/wp\/v2\/users\/1"}],"replies":[{"embeddable":true,"href":"https:\/\/www.bemnutrir.com\/portal\/index.php?rest_route=%2Fwp%2Fv2%2Fcomments&post=45"}],"version-history":[{"count":0,"href":"https:\/\/www.bemnutrir.com\/portal\/index.php?rest_route=\/wp\/v2\/pages\/45\/revisions"}],"wp:featuredmedia":[{"embeddable":true,"href":"https:\/\/www.bemnutrir.com\/portal\/index.php?rest_route=\/wp\/v2\/media\/677"}],"wp:attachment":[{"href":"https:\/\/www.bemnutrir.com\/portal\/index.php?rest_route=%2Fwp%2Fv2%2Fmedia&parent=45"}],"curies":[{"name":"wp","href":"https:\/\/api.w.org\/{rel}","templated":true}]}}