{"id":601,"date":"2017-03-29T10:38:50","date_gmt":"2017-03-29T10:38:50","guid":{"rendered":"http:\/\/www.bemnutrir.com\/portal\/?page_id=601"},"modified":"2017-03-29T10:38:50","modified_gmt":"2017-03-29T10:38:50","slug":"tabela-das-calorias","status":"publish","type":"page","link":"https:\/\/www.bemnutrir.com\/portal\/?page_id=601","title":{"rendered":"Tabela das calorias"},"content":{"rendered":"<table style=\"height: 10687px;\" width=\"510\">\n<tbody>\n<tr>\n<td><em><strong>A<\/strong><\/em><strong>limento<\/strong><\/td>\n<td><em><strong>U<\/strong><\/em><strong>nidade<\/strong><\/td>\n<td><em><strong>P<\/strong><\/em><strong>eso (gr)<\/strong><\/td>\n<td><em><strong>C<\/strong><\/em><strong>alorias<\/strong><\/td>\n<\/tr>\n<tr>\n<td>Abacate<\/td>\n<td>1\/2 unidade<\/td>\n<td>200<\/td>\n<td>324<\/td>\n<\/tr>\n<tr>\n<td>Abacaxi<\/td>\n<td>1 fatia<\/td>\n<td>100<\/td>\n<td>52<\/td>\n<\/tr>\n<tr>\n<td>Abacaxi em calda<\/td>\n<td>1 ta\u00e7a<\/td>\n<td>100<\/td>\n<td>123<\/td>\n<\/tr>\n<tr>\n<td>Ab\u00f3bora<\/td>\n<td>1 por\u00e7\u00e3o m\u00e9dia<\/td>\n<td>100<\/td>\n<td>40<\/td>\n<\/tr>\n<tr>\n<td>Aboborinha<\/td>\n<td>1 unidade pequena<\/td>\n<td>70<\/td>\n<td>20<\/td>\n<\/tr>\n<tr>\n<td>Acelga<\/td>\n<td>1 prato de sobremesa<\/td>\n<td>30<\/td>\n<td>9<\/td>\n<\/tr>\n<tr>\n<td>Acerola<\/td>\n<td>1 unidade<\/td>\n<td>5<\/td>\n<td>3<\/td>\n<\/tr>\n<tr>\n<td>A\u00e7\u00facar<\/td>\n<td>1 colher de sopa<\/td>\n<td>25<\/td>\n<td>100<\/td>\n<\/tr>\n<tr>\n<td>Agri\u00e3o<\/td>\n<td>1 prato de sobremesa<\/td>\n<td>25<\/td>\n<td>6<\/td>\n<\/tr>\n<tr>\n<td>\u00c1gua de coco<\/td>\n<td>1 copo m\u00e9dio<\/td>\n<td>200<\/td>\n<td>41<\/td>\n<\/tr>\n<tr>\n<td>Aguardente<\/td>\n<td>1 copo m\u00e9dio<\/td>\n<td>100<\/td>\n<td>231<\/td>\n<\/tr>\n<tr>\n<td>Alcachofra<\/td>\n<td>1 unidade<\/td>\n<td>100<\/td>\n<td>79<\/td>\n<\/tr>\n<tr>\n<td>Alface<\/td>\n<td>1 prato de sobremesa<\/td>\n<td>35<\/td>\n<td>6<\/td>\n<\/tr>\n<tr>\n<td>Alho<\/td>\n<td>1 dente<\/td>\n<td>5<\/td>\n<td>7<\/td>\n<\/tr>\n<tr>\n<td>Almeir\u00e3o<\/td>\n<td>1 prato de sobremesa<\/td>\n<td>35<\/td>\n<td>7<\/td>\n<\/tr>\n<tr>\n<td>Alm\u00f4ndega<\/td>\n<td>1 unidade<\/td>\n<td>50<\/td>\n<td>60<\/td>\n<\/tr>\n<tr>\n<td>Ameixa preta<\/td>\n<td>1 unidade<\/td>\n<td>50<\/td>\n<td>22<\/td>\n<\/tr>\n<tr>\n<td>Ameixa vermelha<\/td>\n<td>1 unidade<\/td>\n<td>50<\/td>\n<td>27<\/td>\n<\/tr>\n<tr>\n<td>Am\u00eandoa<\/td>\n<td>10 unidades<\/td>\n<td>30<\/td>\n<td>192<\/td>\n<\/tr>\n<tr>\n<td>Amendoim torrado<\/td>\n<td>1 prato de ch\u00e1<\/td>\n<td>100<\/td>\n<td>595<\/td>\n<\/tr>\n<tr>\n<td>Amido de milho<\/td>\n<td>1 colher de sopa<\/td>\n<td>20<\/td>\n<td>69<\/td>\n<\/tr>\n<tr>\n<td>Arroz branco cozido<\/td>\n<td>2 colheres de sopa<\/td>\n<td>80<\/td>\n<td>88<\/td>\n<\/tr>\n<tr>\n<td>Arroz integral cozido<\/td>\n<td>2 colheres de sopa<\/td>\n<td>80<\/td>\n<td>85<\/td>\n<\/tr>\n<tr>\n<td>Atum em lata &#8211; \u00f3leo<\/td>\n<td>1 lata<\/td>\n<td>184<\/td>\n<td>483<\/td>\n<\/tr>\n<tr>\n<td>Atum em lata \u2013 ao natural<\/td>\n<td>1 lata<\/td>\n<td>130<\/td>\n<td>150<\/td>\n<\/tr>\n<tr>\n<td>Aveia em flocos<\/td>\n<td>1 colher de sopa<\/td>\n<td>15<\/td>\n<td>49<\/td>\n<\/tr>\n<tr>\n<td>Avel\u00e3<\/td>\n<td>1 unidade<\/td>\n<td>3<\/td>\n<td>19<\/td>\n<\/tr>\n<tr>\n<td>Azeite<\/td>\n<td>1 colher de sopa<\/td>\n<td>10<\/td>\n<td>90<\/td>\n<\/tr>\n<tr>\n<td>Azeitona<\/td>\n<td>10 unidades<\/td>\n<td>50<\/td>\n<td>110<\/td>\n<\/tr>\n<tr>\n<td>&nbsp;<\/td>\n<td>&nbsp;<\/td>\n<td>&nbsp;<\/td>\n<td>&nbsp;<\/td>\n<\/tr>\n<tr>\n<td>Bacalhau<\/td>\n<td>1 posta m\u00e9dia<\/td>\n<td>100<\/td>\n<td>169<\/td>\n<\/tr>\n<tr>\n<td>Bacon<\/td>\n<td>1 colher de sopa<\/td>\n<td>25<\/td>\n<td>142<\/td>\n<\/tr>\n<tr>\n<td>Banana<\/td>\n<td>1 unidade<\/td>\n<td>70<\/td>\n<td>80<\/td>\n<\/tr>\n<tr>\n<td>Banha<\/td>\n<td>1 colher de sopa<\/td>\n<td>20<\/td>\n<td>180<\/td>\n<\/tr>\n<tr>\n<td>Batata cozida<\/td>\n<td>1 unidade m\u00e9dia<\/td>\n<td>80<\/td>\n<td>68<\/td>\n<\/tr>\n<tr>\n<td>Batata frita<\/td>\n<td>10 palitos<\/td>\n<td>100<\/td>\n<td>274<\/td>\n<\/tr>\n<tr>\n<td>Batido de chocolate<\/td>\n<td>1 copo grande<\/td>\n<td>300<\/td>\n<td>345<\/td>\n<\/tr>\n<tr>\n<td>Batido de morango<\/td>\n<td>1 copo grande<\/td>\n<td>300<\/td>\n<td>336<\/td>\n<\/tr>\n<tr>\n<td>Beijinho (biscoito)<\/td>\n<td>1 unidade<\/td>\n<td>30<\/td>\n<td>80<\/td>\n<\/tr>\n<tr>\n<td>Beringela<\/td>\n<td>1 colher de sopa<\/td>\n<td>30<\/td>\n<td>6<\/td>\n<\/tr>\n<tr>\n<td>Beterraba<\/td>\n<td>1 prato de sobremesa<\/td>\n<td>35<\/td>\n<td>17<\/td>\n<\/tr>\n<tr>\n<td>Bife a cavalo<\/td>\n<td>1 unidade<\/td>\n<td>140<\/td>\n<td>196<\/td>\n<\/tr>\n<tr>\n<td>Bife \u00e0 milanesa<\/td>\n<td>1 unidade<\/td>\n<td>160<\/td>\n<td>580<\/td>\n<\/tr>\n<tr>\n<td>Bife \u00e0 parmegiana<\/td>\n<td>1 unidade<\/td>\n<td>200<\/td>\n<td>700<\/td>\n<\/tr>\n<tr>\n<td>Bife de frango<\/td>\n<td>1 unidade<\/td>\n<td>120<\/td>\n<td>128<\/td>\n<\/tr>\n<tr>\n<td>Bife de vaca<\/td>\n<td>1 unidade<\/td>\n<td>120<\/td>\n<td>240<\/td>\n<\/tr>\n<tr>\n<td>Bife frito<\/td>\n<td>1 unidade<\/td>\n<td>130<\/td>\n<td>330<\/td>\n<\/tr>\n<tr>\n<td>Biscoito doce<\/td>\n<td>1 unidade<\/td>\n<td>6<\/td>\n<td>23<\/td>\n<\/tr>\n<tr>\n<td>Bife de porco<\/td>\n<td>1 unidade<\/td>\n<td>120<\/td>\n<td>355<\/td>\n<\/tr>\n<tr>\n<td>Bolacha \u00e1gua e sal<\/td>\n<td>1 unidade<\/td>\n<td>8<\/td>\n<td>32<\/td>\n<\/tr>\n<tr>\n<td>Bolacha recheada<\/td>\n<td>1 unidade<\/td>\n<td>15<\/td>\n<td>78<\/td>\n<\/tr>\n<tr>\n<td>Bolo recheado e coberto<\/td>\n<td>1 fatia<\/td>\n<td>140<\/td>\n<td>540<\/td>\n<\/tr>\n<tr>\n<td>Bolo simples<\/td>\n<td>1 fatia<\/td>\n<td>100<\/td>\n<td>160<\/td>\n<\/tr>\n<tr>\n<td>Brigadeiro<\/td>\n<td>1 unidade<\/td>\n<td>30<\/td>\n<td>100<\/td>\n<\/tr>\n<tr>\n<td>Br\u00f3colos<\/td>\n<td>1 por\u00e7\u00e3o pequena<\/td>\n<td>60<\/td>\n<td>22<\/td>\n<\/tr>\n<tr>\n<td>&nbsp;<\/td>\n<td>&nbsp;<\/td>\n<td>&nbsp;<\/td>\n<td>&nbsp;<\/td>\n<\/tr>\n<tr>\n<td>Ca\u00e7\u00e3o<\/td>\n<td>1 posta m\u00e9dia<\/td>\n<td>100<\/td>\n<td>100<\/td>\n<\/tr>\n<tr>\n<td>Cachorro quente sem molho<\/td>\n<td>1 unidade<\/td>\n<td>100<\/td>\n<td>269<\/td>\n<\/tr>\n<tr>\n<td>Camar\u00e3o<\/td>\n<td>4 unidades m\u00e9dias<\/td>\n<td>100<\/td>\n<td>82<\/td>\n<\/tr>\n<tr>\n<td>Caneloni<\/td>\n<td>1 unidade<\/td>\n<td>80<\/td>\n<td>92<\/td>\n<\/tr>\n<tr>\n<td>Canjica crua<\/td>\n<td>1 colher de sopa<\/td>\n<td>25<\/td>\n<td>91<\/td>\n<\/tr>\n<tr>\n<td>Carne de frango<\/td>\n<td>1 por\u00e7\u00e3o<\/td>\n<td>100<\/td>\n<td>107<\/td>\n<\/tr>\n<tr>\n<td>Carne de galinha<\/td>\n<td>1 por\u00e7\u00e3o<\/td>\n<td>100<\/td>\n<td>235<\/td>\n<\/tr>\n<tr>\n<td>Carne de peru<\/td>\n<td>1 por\u00e7\u00e3o<\/td>\n<td>100<\/td>\n<td>153<\/td>\n<\/tr>\n<tr>\n<td>Carne de porco (m\u00e9dia gordura)<\/td>\n<td>1 por\u00e7\u00e3o<\/td>\n<td>100<\/td>\n<td>285<\/td>\n<\/tr>\n<tr>\n<td>Carne de vaca (m\u00e9dia gordura)<\/td>\n<td>1 por\u00e7\u00e3o<\/td>\n<td>100<\/td>\n<td>140<\/td>\n<\/tr>\n<tr>\n<td>Castanha de caju<\/td>\n<td>1 por\u00e7\u00e3o<\/td>\n<td>100<\/td>\n<td>609<\/td>\n<\/tr>\n<tr>\n<td>Caviar<\/td>\n<td>1 colher de sopa<\/td>\n<td>20<\/td>\n<td>40<\/td>\n<\/tr>\n<tr>\n<td>Cenoura<\/td>\n<td>1 unidade m\u00e9dia<\/td>\n<td>50<\/td>\n<td>25<\/td>\n<\/tr>\n<tr>\n<td>Cerveja<\/td>\n<td>1 copo grande<\/td>\n<td>300<\/td>\n<td>126<\/td>\n<\/tr>\n<tr>\n<td>Champanhe<\/td>\n<td>1 ta\u00e7a<\/td>\n<td>100<\/td>\n<td>70<\/td>\n<\/tr>\n<tr>\n<td>Chantilly<\/td>\n<td>1 colher de sopa<\/td>\n<td>20<\/td>\n<td>90<\/td>\n<\/tr>\n<tr>\n<td>Cheeseburger<\/td>\n<td>1 unidade<\/td>\n<td>150<\/td>\n<td>600<\/td>\n<\/tr>\n<tr>\n<td>Chic\u00f3ria<\/td>\n<td>1 prato de sobremesa<\/td>\n<td>30<\/td>\n<td>6<\/td>\n<\/tr>\n<tr>\n<td>Chocolate amargo<\/td>\n<td>1 tablete<\/td>\n<td>30<\/td>\n<td>185<\/td>\n<\/tr>\n<tr>\n<td>Chocolate de leite<\/td>\n<td>1 tablete<\/td>\n<td>30<\/td>\n<td>163<\/td>\n<\/tr>\n<tr>\n<td>Chocolate branco<\/td>\n<td>1 tablete<\/td>\n<td>30<\/td>\n<td>170<\/td>\n<\/tr>\n<tr>\n<td>Chuchu<\/td>\n<td>1 prato de sobremesa<\/td>\n<td>60<\/td>\n<td>55<\/td>\n<\/tr>\n<tr>\n<td>Clara de ovo<\/td>\n<td>1 unidade<\/td>\n<td>30<\/td>\n<td>13<\/td>\n<\/tr>\n<tr>\n<td>Coca-cola<\/td>\n<td>1 copo m\u00e9dio<\/td>\n<td>100<\/td>\n<td>78<\/td>\n<\/tr>\n<tr>\n<td>Cogumelo<\/td>\n<td>1 prato de ch\u00e1<\/td>\n<td>80<\/td>\n<td>15<\/td>\n<\/tr>\n<tr>\n<td>Conhaque<\/td>\n<td>1 copo m\u00e9dio<\/td>\n<td>100<\/td>\n<td>249<\/td>\n<\/tr>\n<tr>\n<td>Cora\u00e7\u00e3o de galinha<\/td>\n<td>1 unidade<\/td>\n<td>20<\/td>\n<td>27<\/td>\n<\/tr>\n<tr>\n<td>Costeleta de vaca<\/td>\n<td>1 unidade<\/td>\n<td>100<\/td>\n<td>380<\/td>\n<\/tr>\n<tr>\n<td>Couve manteiga<\/td>\n<td>1 prato de sobremesa<\/td>\n<td>50<\/td>\n<td>13<\/td>\n<\/tr>\n<tr>\n<td>Couve-flor<\/td>\n<td>1 prato de ch\u00e1<\/td>\n<td>80<\/td>\n<td>25<\/td>\n<\/tr>\n<tr>\n<td>Couve-de-bruxelas<\/td>\n<td>1 prato de ch\u00e1<\/td>\n<td>100<\/td>\n<td>59<\/td>\n<\/tr>\n<tr>\n<td>Croquete<\/td>\n<td>1 unidade pequena<\/td>\n<td>50<\/td>\n<td>165<\/td>\n<\/tr>\n<tr>\n<td>&nbsp;<\/td>\n<td>&nbsp;<\/td>\n<td>&nbsp;<\/td>\n<td>&nbsp;<\/td>\n<\/tr>\n<tr>\n<td>Damasco fresco<\/td>\n<td>1 unidade<\/td>\n<td>35<\/td>\n<td>19<\/td>\n<\/tr>\n<tr>\n<td>Damasco seco<\/td>\n<td>2 unidades<\/td>\n<td>30<\/td>\n<td>39<\/td>\n<\/tr>\n<tr>\n<td>&nbsp;<\/td>\n<td>&nbsp;<\/td>\n<td>&nbsp;<\/td>\n<td>&nbsp;<\/td>\n<\/tr>\n<tr>\n<td>Ervilha<\/td>\n<td>1 colher de sopa<\/td>\n<td>20<\/td>\n<td>18<\/td>\n<\/tr>\n<tr>\n<td>Escarola<\/td>\n<td>1 prato de sobremesa<\/td>\n<td>30<\/td>\n<td>6<\/td>\n<\/tr>\n<tr>\n<td>Esparguete<\/td>\n<td>1 prato de mesa<\/td>\n<td>200<\/td>\n<td>192<\/td>\n<\/tr>\n<tr>\n<td>Espinafre<\/td>\n<td>1 prato de sobremesa<\/td>\n<td>80<\/td>\n<td>18<\/td>\n<\/tr>\n<tr>\n<td>&nbsp;<\/td>\n<td>&nbsp;<\/td>\n<td>&nbsp;<\/td>\n<td>&nbsp;<\/td>\n<\/tr>\n<tr>\n<td>Fanta<\/td>\n<td>1 copo m\u00e9dio<\/td>\n<td>200<\/td>\n<td>108<\/td>\n<\/tr>\n<tr>\n<td>Farelo de trigo<\/td>\n<td>1 colher sopa<\/td>\n<td>20<\/td>\n<td>62<\/td>\n<\/tr>\n<tr>\n<td>Farinha de gl\u00faten<\/td>\n<td>1 colher de sopa<\/td>\n<td>20<\/td>\n<td>73<\/td>\n<\/tr>\n<tr>\n<td>Farinha de mandioca<\/td>\n<td>1 colher de sopa<\/td>\n<td>20<\/td>\n<td>68<\/td>\n<\/tr>\n<tr>\n<td>Farinha de milho<\/td>\n<td>1 colher de sopa<\/td>\n<td>20<\/td>\n<td>73<\/td>\n<\/tr>\n<tr>\n<td>Farinha de trigo<\/td>\n<td>1 colher de sopa<\/td>\n<td>20<\/td>\n<td>75<\/td>\n<\/tr>\n<tr>\n<td>Feij\u00e3o<\/td>\n<td>1 concha m\u00e9dia<\/td>\n<td>120<\/td>\n<td>140<\/td>\n<\/tr>\n<tr>\n<td>Feij\u00e3o preto<\/td>\n<td>1 concha m\u00e9dia<\/td>\n<td>120<\/td>\n<td>137<\/td>\n<\/tr>\n<tr>\n<td>Feij\u00e3o encarnado<\/td>\n<td>1 concha m\u00e9dia<\/td>\n<td>120<\/td>\n<td>140<\/td>\n<\/tr>\n<tr>\n<td>Feijoada<\/td>\n<td>1 por\u00e7\u00e3o<\/td>\n<td>300<\/td>\n<td>456<\/td>\n<\/tr>\n<tr>\n<td>F\u00edgado de vaca<\/td>\n<td>1 bife<\/td>\n<td>130<\/td>\n<td>157<\/td>\n<\/tr>\n<tr>\n<td>Figo fresco<\/td>\n<td>1 unidade<\/td>\n<td>100<\/td>\n<td>68<\/td>\n<\/tr>\n<tr>\n<td>&nbsp;<\/td>\n<td>&nbsp;<\/td>\n<td>&nbsp;<\/td>\n<td>&nbsp;<\/td>\n<\/tr>\n<tr>\n<td>Gelado de fruta<\/td>\n<td>1 bola<\/td>\n<td>100<\/td>\n<td>233<\/td>\n<\/tr>\n<tr>\n<td>Gelado de leite<\/td>\n<td>1 bola<\/td>\n<td>100<\/td>\n<td>208<\/td>\n<\/tr>\n<tr>\n<td>Gelatina de frutas<\/td>\n<td>1 ta\u00e7a<\/td>\n<td>100<\/td>\n<td>238<\/td>\n<\/tr>\n<tr>\n<td>Gelatina de aromas<\/td>\n<td>1 ta\u00e7a<\/td>\n<td>100<\/td>\n<td>76<\/td>\n<\/tr>\n<tr>\n<td>Geleia de frutas<\/td>\n<td>1 colher de sobremesa<\/td>\n<td>15<\/td>\n<td>36<\/td>\n<\/tr>\n<tr>\n<td>Gema de ovo<\/td>\n<td>1 unidade<\/td>\n<td>20<\/td>\n<td>71<\/td>\n<\/tr>\n<tr>\n<td>Gim<\/td>\n<td>1 copo<\/td>\n<td>100<\/td>\n<td>230<\/td>\n<\/tr>\n<tr>\n<td>Goiaba<\/td>\n<td>1 unidade<\/td>\n<td>100<\/td>\n<td>57<\/td>\n<\/tr>\n<tr>\n<td>Gr\u00e3o-de-bico<\/td>\n<td>1 colher de sopa<\/td>\n<td>20<\/td>\n<td>23<\/td>\n<\/tr>\n<tr>\n<td>Groselha (sumo)<\/td>\n<td>1 copo m\u00e9dio<\/td>\n<td>200<\/td>\n<td>84<\/td>\n<\/tr>\n<tr>\n<td>Guaran\u00e1<\/td>\n<td>1 copo m\u00e9dio<\/td>\n<td>200<\/td>\n<td>64<\/td>\n<\/tr>\n<tr>\n<td>&nbsp;<\/td>\n<td>&nbsp;<\/td>\n<td>&nbsp;<\/td>\n<td>&nbsp;<\/td>\n<\/tr>\n<tr>\n<td>Hamb\u00farguer de carne<\/td>\n<td>1 unidade<\/td>\n<td>100<\/td>\n<td>248<\/td>\n<\/tr>\n<tr>\n<td>Hamb\u00farguer de frango<\/td>\n<td>1 unidade<\/td>\n<td>100<\/td>\n<td>234<\/td>\n<\/tr>\n<tr>\n<td>Hamb\u00farguer de peixe<\/td>\n<td>1 unidade<\/td>\n<td>100<\/td>\n<td>74<\/td>\n<\/tr>\n<tr>\n<td>Hamb\u00farguer de peru<\/td>\n<td>1 unidade<\/td>\n<td>100<\/td>\n<td>148<\/td>\n<\/tr>\n<tr>\n<td>Iogurte desnatado<\/td>\n<td>1 pacote<\/td>\n<td>200<\/td>\n<td>84<\/td>\n<\/tr>\n<tr>\n<td>Iogurte gordo<\/td>\n<td>1 pacote<\/td>\n<td>200<\/td>\n<td>152<\/td>\n<\/tr>\n<tr>\n<td>&nbsp;<\/td>\n<td>&nbsp;<\/td>\n<td>&nbsp;<\/td>\n<td>&nbsp;<\/td>\n<\/tr>\n<tr>\n<td>Ketchup<\/td>\n<td>1 colher de sopa<\/td>\n<td>15<\/td>\n<td>6<\/td>\n<\/tr>\n<tr>\n<td>&nbsp;<\/td>\n<td>&nbsp;<\/td>\n<td>&nbsp;<\/td>\n<td>&nbsp;<\/td>\n<\/tr>\n<tr>\n<td>Lagosta<\/td>\n<td>1 por\u00e7\u00e3o<\/td>\n<td>100<\/td>\n<td>84<\/td>\n<\/tr>\n<tr>\n<td>Laranja<\/td>\n<td>1 unidade<\/td>\n<td>100<\/td>\n<td>43<\/td>\n<\/tr>\n<tr>\n<td>Lasanha<\/td>\n<td>1 por\u00e7\u00e3o<\/td>\n<td>300<\/td>\n<td>620<\/td>\n<\/tr>\n<tr>\n<td>Leite condensado<\/td>\n<td>1 colher de sopa<\/td>\n<td>30<\/td>\n<td>101<\/td>\n<\/tr>\n<tr>\n<td>Leite desnatado<\/td>\n<td>1 copo grande<\/td>\n<td>250<\/td>\n<td>90<\/td>\n<\/tr>\n<tr>\n<td>Leite em p\u00f3 desnatado<\/td>\n<td>1 colher de sopa<\/td>\n<td>20<\/td>\n<td>70<\/td>\n<\/tr>\n<tr>\n<td>Leite em p\u00f3 gordo<\/td>\n<td>1 colher de sopa<\/td>\n<td>20<\/td>\n<td>90<\/td>\n<\/tr>\n<tr>\n<td>Leite gordo<\/td>\n<td>1 copo grande<\/td>\n<td>250<\/td>\n<td>152<\/td>\n<\/tr>\n<tr>\n<td>Leite semi-desnatado<\/td>\n<td>1 copo grande<\/td>\n<td>250<\/td>\n<td>135<\/td>\n<\/tr>\n<tr>\n<td>Lentilha<\/td>\n<td>1 concha de sopa m\u00e9dia<\/td>\n<td>120<\/td>\n<td>152<\/td>\n<\/tr>\n<tr>\n<td>Licor<\/td>\n<td>1 c\u00e1lice<\/td>\n<td>30<\/td>\n<td>103<\/td>\n<\/tr>\n<tr>\n<td>Lim\u00e3o<\/td>\n<td>1 unidade<\/td>\n<td>60<\/td>\n<td>22<\/td>\n<\/tr>\n<tr>\n<td>Linguado<\/td>\n<td>1 filete<\/td>\n<td>100<\/td>\n<td>87<\/td>\n<\/tr>\n<tr>\n<td>Lingui\u00e7a<\/td>\n<td>1 unidade<\/td>\n<td>60<\/td>\n<td>190<\/td>\n<\/tr>\n<tr>\n<td>Lombo de porco<\/td>\n<td>1 fatia<\/td>\n<td>100<\/td>\n<td>363<\/td>\n<\/tr>\n<tr>\n<td>Lula<\/td>\n<td>1 por\u00e7\u00e3o<\/td>\n<td>100<\/td>\n<td>87<\/td>\n<\/tr>\n<tr>\n<td>&nbsp;<\/td>\n<td>&nbsp;<\/td>\n<td>&nbsp;<\/td>\n<td>&nbsp;<\/td>\n<\/tr>\n<tr>\n<td>Ma\u00e7\u00e3<\/td>\n<td>1 unidade m\u00e9dia<\/td>\n<td>100<\/td>\n<td>64<\/td>\n<\/tr>\n<tr>\n<td>Macarr\u00e3o tipo talharin<\/td>\n<td>1 prato<\/td>\n<td>200<\/td>\n<td>192<\/td>\n<\/tr>\n<tr>\n<td>Maionese comum<\/td>\n<td>1 colher de sopa<\/td>\n<td>15<\/td>\n<td>107<\/td>\n<\/tr>\n<tr>\n<td>Maionese light<\/td>\n<td>1 colher de sopa<\/td>\n<td>15<\/td>\n<td>50<\/td>\n<\/tr>\n<tr>\n<td>Maisena<\/td>\n<td>1 colher de sopa<\/td>\n<td>20<\/td>\n<td>69<\/td>\n<\/tr>\n<tr>\n<td>Mam\u00e3o<\/td>\n<td>1\/2 unidade<\/td>\n<td>130<\/td>\n<td>88<\/td>\n<\/tr>\n<tr>\n<td>Mandioca cozida<\/td>\n<td>1 prato de ch\u00e1<\/td>\n<td>100<\/td>\n<td>119<\/td>\n<\/tr>\n<tr>\n<td>Mandioquinha<\/td>\n<td>1 prato de sobremesa<\/td>\n<td>100<\/td>\n<td>125<\/td>\n<\/tr>\n<tr>\n<td>Manga<\/td>\n<td>1\/2 unidade<\/td>\n<td>130<\/td>\n<td>91<\/td>\n<\/tr>\n<tr>\n<td>Manteiga<\/td>\n<td>1 colher de caf\u00e9<\/td>\n<td>5<\/td>\n<td>38<\/td>\n<\/tr>\n<tr>\n<td>Maracuj\u00e1<\/td>\n<td>1 unidade<\/td>\n<td>100<\/td>\n<td>90<\/td>\n<\/tr>\n<tr>\n<td>Margarina comum<\/td>\n<td>1 colher de caf\u00e9<\/td>\n<td>5<\/td>\n<td>36<\/td>\n<\/tr>\n<tr>\n<td>Margarina light<\/td>\n<td>1 colher de caf\u00e9<\/td>\n<td>5<\/td>\n<td>18<\/td>\n<\/tr>\n<tr>\n<td>Mariscos<\/td>\n<td>1 prato de ch\u00e1<\/td>\n<td>100<\/td>\n<td>50<\/td>\n<\/tr>\n<tr>\n<td>Melancia<\/td>\n<td>1 fatia<\/td>\n<td>100<\/td>\n<td>31<\/td>\n<\/tr>\n<tr>\n<td>Mel<\/td>\n<td>1 colher de sopa<\/td>\n<td>20<\/td>\n<td>62<\/td>\n<\/tr>\n<tr>\n<td>Mel\u00e3o<\/td>\n<td>1 fatia<\/td>\n<td>100<\/td>\n<td>30<\/td>\n<\/tr>\n<tr>\n<td>Milho verde<\/td>\n<td>2 colheres de sopa<\/td>\n<td>40<\/td>\n<td>40<\/td>\n<\/tr>\n<tr>\n<td>Molho bolonhesa<\/td>\n<td>1 colher de sopa<\/td>\n<td>20<\/td>\n<td>36<\/td>\n<\/tr>\n<tr>\n<td>Molho de tomate<\/td>\n<td>1 colher de sopa<\/td>\n<td>20<\/td>\n<td>10<\/td>\n<\/tr>\n<tr>\n<td>Molho branco<\/td>\n<td>1 colher de sopa<\/td>\n<td>20<\/td>\n<td>100<\/td>\n<\/tr>\n<tr>\n<td>Morango<\/td>\n<td>10 unidades<\/td>\n<td>100<\/td>\n<td>39<\/td>\n<\/tr>\n<tr>\n<td>Mortadela<\/td>\n<td>1 fatia<\/td>\n<td>15<\/td>\n<td>42<\/td>\n<\/tr>\n<tr>\n<td>Mostarda<\/td>\n<td>1 colher de sopa<\/td>\n<td>15<\/td>\n<td>12<\/td>\n<\/tr>\n<tr>\n<td>Mousse de chocolate<\/td>\n<td>1 ta\u00e7a<\/td>\n<td>150<\/td>\n<td>300<\/td>\n<\/tr>\n<tr>\n<td>&nbsp;<\/td>\n<td>&nbsp;<\/td>\n<td>&nbsp;<\/td>\n<td>&nbsp;<\/td>\n<\/tr>\n<tr>\n<td>Natas<\/td>\n<td>1 colher de sopa<\/td>\n<td>30<\/td>\n<td>75<\/td>\n<\/tr>\n<tr>\n<td>Nabo<\/td>\n<td>1 unidade<\/td>\n<td>100<\/td>\n<td>35<\/td>\n<\/tr>\n<tr>\n<td>Nectarina<\/td>\n<td>1 unidade<\/td>\n<td>60<\/td>\n<td>38<\/td>\n<\/tr>\n<tr>\n<td>Nozes<\/td>\n<td>10 unidades<\/td>\n<td>50<\/td>\n<td>353<\/td>\n<\/tr>\n<tr>\n<td>&nbsp;<\/td>\n<td>&nbsp;<\/td>\n<td>&nbsp;<\/td>\n<td>&nbsp;<\/td>\n<\/tr>\n<tr>\n<td>\u00d3leo de canola<\/td>\n<td>1 colher de sopa<\/td>\n<td>10<\/td>\n<td>63<\/td>\n<\/tr>\n<tr>\n<td>\u00d3leo de girassol<\/td>\n<td>1 colher de sopa<\/td>\n<td>10<\/td>\n<td>82<\/td>\n<\/tr>\n<tr>\n<td>\u00d3leo de milho<\/td>\n<td>1 colher de sopa<\/td>\n<td>10<\/td>\n<td>90<\/td>\n<\/tr>\n<tr>\n<td>\u00d3leo de soja<\/td>\n<td>1 colher de sopa<\/td>\n<td>10<\/td>\n<td>90<\/td>\n<\/tr>\n<tr>\n<td>Ovo estrelado<\/td>\n<td>1 unidade<\/td>\n<td>60<\/td>\n<td>108<\/td>\n<\/tr>\n<tr>\n<td>Ovo inteiro cru<\/td>\n<td>1 unidade<\/td>\n<td>50<\/td>\n<td>74<\/td>\n<\/tr>\n<tr>\n<td>&nbsp;<\/td>\n<td>&nbsp;<\/td>\n<td>&nbsp;<\/td>\n<td>&nbsp;<\/td>\n<\/tr>\n<tr>\n<td>Panqueca de carne<\/td>\n<td>1 por\u00e7\u00e3o<\/td>\n<td>90<\/td>\n<td>171<\/td>\n<\/tr>\n<tr>\n<td>Palmito<\/td>\n<td>1 prato de sobremesa<\/td>\n<td>70<\/td>\n<td>18<\/td>\n<\/tr>\n<tr>\n<td>P\u00e3o com gl\u00faten<\/td>\n<td>1 fatia<\/td>\n<td>30<\/td>\n<td>76<\/td>\n<\/tr>\n<tr>\n<td>P\u00e3o de centeio<\/td>\n<td>1 fatia<\/td>\n<td>30<\/td>\n<td>70<\/td>\n<\/tr>\n<tr>\n<td>P\u00e3o-de-leite<\/td>\n<td>1 fatia<\/td>\n<td>30<\/td>\n<td>92<\/td>\n<\/tr>\n<tr>\n<td>P\u00e3o de queijo<\/td>\n<td>1 unidade<\/td>\n<td>60<\/td>\n<td>75<\/td>\n<\/tr>\n<tr>\n<td>P\u00e3o franc\u00eas (baguete)<\/td>\n<td>1 unidade<\/td>\n<td>50<\/td>\n<td>135<\/td>\n<\/tr>\n<tr>\n<td>P\u00e3o integral<\/td>\n<td>1 fatia<\/td>\n<td>30<\/td>\n<td>70<\/td>\n<\/tr>\n<tr>\n<td>Pepino<\/td>\n<td>1 unidade m\u00e9dia<\/td>\n<td>150<\/td>\n<td>22<\/td>\n<\/tr>\n<tr>\n<td>P\u00eara<\/td>\n<td>1 unidade m\u00e9dia<\/td>\n<td>100<\/td>\n<td>63<\/td>\n<\/tr>\n<tr>\n<td>Pescada<\/td>\n<td>1 filete<\/td>\n<td>100<\/td>\n<td>97<\/td>\n<\/tr>\n<tr>\n<td>P\u00eassego<\/td>\n<td>1 unidade<\/td>\n<td>100<\/td>\n<td>52<\/td>\n<\/tr>\n<tr>\n<td>P\u00eassego em calda<\/td>\n<td>1 unidade<\/td>\n<td>40<\/td>\n<td>67<\/td>\n<\/tr>\n<tr>\n<td>Picanha<\/td>\n<td>1 fatia<\/td>\n<td>100<\/td>\n<td>250<\/td>\n<\/tr>\n<tr>\n<td>Pimento<\/td>\n<td>1 unidade<\/td>\n<td>50<\/td>\n<td>15<\/td>\n<\/tr>\n<tr>\n<td>Pinh\u00e3o<\/td>\n<td>1 unidade<\/td>\n<td>10<\/td>\n<td>22<\/td>\n<\/tr>\n<tr>\n<td>Pipoca<\/td>\n<td>1 pacote<\/td>\n<td>100<\/td>\n<td>403<\/td>\n<\/tr>\n<tr>\n<td>Pistachio<\/td>\n<td>1 por\u00e7\u00e3o<\/td>\n<td>100<\/td>\n<td>640<\/td>\n<\/tr>\n<tr>\n<td>Pizza 4 queijos<\/td>\n<td>1 fatia<\/td>\n<td>120<\/td>\n<td>370<\/td>\n<\/tr>\n<tr>\n<td>Pizza muzzarela<\/td>\n<td>1 fatia<\/td>\n<td>120<\/td>\n<td>289<\/td>\n<\/tr>\n<tr>\n<td>Presunto cozido<\/td>\n<td>1 fatia m\u00e9dia<\/td>\n<td>25<\/td>\n<td>85<\/td>\n<\/tr>\n<tr>\n<td>Pudim de leite<\/td>\n<td>1 ta\u00e7a<\/td>\n<td>150<\/td>\n<td>138<\/td>\n<\/tr>\n<tr>\n<td>Pudim de chocolate<\/td>\n<td>1 ta\u00e7a<\/td>\n<td>150<\/td>\n<td>173<\/td>\n<\/tr>\n<tr>\n<td>&nbsp;<\/td>\n<td>&nbsp;<\/td>\n<td>&nbsp;<\/td>\n<td>&nbsp;<\/td>\n<\/tr>\n<tr>\n<td>Queijo brie<\/td>\n<td>1 fatia m\u00e9dia<\/td>\n<td>25<\/td>\n<td>65<\/td>\n<\/tr>\n<tr>\n<td>Queijo catupiri<\/td>\n<td>1 colher de sopa<\/td>\n<td>25<\/td>\n<td>63<\/td>\n<\/tr>\n<tr>\n<td>Queijo cottage<\/td>\n<td>1 colher de sopa<\/td>\n<td>25<\/td>\n<td>21<\/td>\n<\/tr>\n<tr>\n<td>Queijo emental<\/td>\n<td>1 fatia m\u00e9dia<\/td>\n<td>25<\/td>\n<td>99<\/td>\n<\/tr>\n<tr>\n<td>Quejo minas<\/td>\n<td>1 fatia m\u00e9dia<\/td>\n<td>25<\/td>\n<td>61<\/td>\n<\/tr>\n<tr>\n<td>Queijo muzzarela<\/td>\n<td>1 fatia m\u00e9dia<\/td>\n<td>25<\/td>\n<td>81<\/td>\n<\/tr>\n<tr>\n<td>Queijo parmes\u00e3o<\/td>\n<td>1 fatia<\/td>\n<td>25<\/td>\n<td>101<\/td>\n<\/tr>\n<tr>\n<td>Queijo (prato)<\/td>\n<td>1 fatia m\u00e9dia<\/td>\n<td>25<\/td>\n<td>88<\/td>\n<\/tr>\n<tr>\n<td>Queijo provolone<\/td>\n<td>1 fatia m\u00e9dia<\/td>\n<td>25<\/td>\n<td>84<\/td>\n<\/tr>\n<tr>\n<td>Queijo su\u00ed\u00e7o<\/td>\n<td>1 fatia m\u00e9dia<\/td>\n<td>25<\/td>\n<td>101<\/td>\n<\/tr>\n<tr>\n<td>Quiabo<\/td>\n<td>1 unidade<\/td>\n<td>25<\/td>\n<td>10<\/td>\n<\/tr>\n<tr>\n<td>Quibe assado<\/td>\n<td>1 por\u00e7\u00e3o grande<\/td>\n<td>150<\/td>\n<td>197<\/td>\n<\/tr>\n<tr>\n<td>Quibe frito<\/td>\n<td>1 unidade<\/td>\n<td>80<\/td>\n<td>180<\/td>\n<\/tr>\n<tr>\n<td>&nbsp;<\/td>\n<td>&nbsp;<\/td>\n<td>&nbsp;<\/td>\n<td>&nbsp;<\/td>\n<\/tr>\n<tr>\n<td>Rabanete<\/td>\n<td>1 unidade<\/td>\n<td>10<\/td>\n<td>2<\/td>\n<\/tr>\n<tr>\n<td>Repolho<\/td>\n<td>1 prato de sobremesa<\/td>\n<td>30<\/td>\n<td>8<\/td>\n<\/tr>\n<tr>\n<td>Requeij\u00e3o<\/td>\n<td>1 colher de sopa<\/td>\n<td>25<\/td>\n<td>75<\/td>\n<\/tr>\n<tr>\n<td>Requeij\u00e3o light<\/td>\n<td>1 colher de sopa<\/td>\n<td>25<\/td>\n<td>45<\/td>\n<\/tr>\n<tr>\n<td>Ricota<\/td>\n<td>1 fatia<\/td>\n<td>25<\/td>\n<td>45<\/td>\n<\/tr>\n<tr>\n<td>Rosbife<\/td>\n<td>1 fatia<\/td>\n<td>40<\/td>\n<td>66<\/td>\n<\/tr>\n<tr>\n<td>Rucola<\/td>\n<td>1 prato de sobremesa<\/td>\n<td>35<\/td>\n<td>7<\/td>\n<\/tr>\n<tr>\n<td>Rum<\/td>\n<td>1 copo<\/td>\n<td>100<\/td>\n<td>231<\/td>\n<\/tr>\n<tr>\n<td>&nbsp;<\/td>\n<td>&nbsp;<\/td>\n<td>&nbsp;<\/td>\n<td>&nbsp;<\/td>\n<\/tr>\n<tr>\n<td>Salgadinho de queijo<\/td>\n<td>1 unidade pequena<\/td>\n<td>50<\/td>\n<td>170<\/td>\n<\/tr>\n<tr>\n<td>Salada de frutas<\/td>\n<td>1 ta\u00e7a<\/td>\n<td>150<\/td>\n<td>230<\/td>\n<\/tr>\n<tr>\n<td>Salame<\/td>\n<td>5 fatias<\/td>\n<td>25<\/td>\n<td>74<\/td>\n<\/tr>\n<tr>\n<td>Salm\u00e3o fresco<\/td>\n<td>1 por\u00e7\u00e3o<\/td>\n<td>100<\/td>\n<td>211<\/td>\n<\/tr>\n<tr>\n<td>Salsicha comum<\/td>\n<td>1 unidade<\/td>\n<td>50<\/td>\n<td>165<\/td>\n<\/tr>\n<tr>\n<td>Salsicha de frango<\/td>\n<td>1 unidade<\/td>\n<td>50<\/td>\n<td>116<\/td>\n<\/tr>\n<tr>\n<td>Sardinha crua<\/td>\n<td>1 unidade<\/td>\n<td>100<\/td>\n<td>120<\/td>\n<\/tr>\n<tr>\n<td>Sardinha em conserva &#8211; \u00f3leo<\/td>\n<td>1 unidade<\/td>\n<td>100<\/td>\n<td>298<\/td>\n<\/tr>\n<tr>\n<td>Soja<\/td>\n<td>1 colher de sopa<\/td>\n<td>20<\/td>\n<td>32<\/td>\n<\/tr>\n<tr>\n<td>Sopa de feij\u00e3o<\/td>\n<td>1 prato fundo<\/td>\n<td>300<\/td>\n<td>289<\/td>\n<\/tr>\n<tr>\n<td>Sopa de legumes<\/td>\n<td>1 prato fundo<\/td>\n<td>300<\/td>\n<td>215<\/td>\n<\/tr>\n<tr>\n<td>Soufl\u00e9 de legumes<\/td>\n<td>1 por\u00e7\u00e3o grande<\/td>\n<td>150<\/td>\n<td>170<\/td>\n<\/tr>\n<tr>\n<td>Strogonoff<\/td>\n<td>1 concha<\/td>\n<td>150<\/td>\n<td>201<\/td>\n<\/tr>\n<tr>\n<td>Sumo de laranja<\/td>\n<td>1 copo m\u00e9dio<\/td>\n<td>200<\/td>\n<td>128<\/td>\n<\/tr>\n<tr>\n<td>Sumo de tomate<\/td>\n<td>1 copo m\u00e9dio<\/td>\n<td>200<\/td>\n<td>22<\/td>\n<\/tr>\n<tr>\n<td>&nbsp;<\/td>\n<td>&nbsp;<\/td>\n<td>&nbsp;<\/td>\n<td>&nbsp;<\/td>\n<\/tr>\n<tr>\n<td>Tangerina<\/td>\n<td>1 unidade<\/td>\n<td>100<\/td>\n<td>50<\/td>\n<\/tr>\n<tr>\n<td>Tomate<\/td>\n<td>1 unidade<\/td>\n<td>100<\/td>\n<td>25<\/td>\n<\/tr>\n<tr>\n<td>Torrada<\/td>\n<td>1 unidade<\/td>\n<td>10<\/td>\n<td>31<\/td>\n<\/tr>\n<tr>\n<td>Torresmo<\/td>\n<td>1 prato de ch\u00e1<\/td>\n<td>100<\/td>\n<td>540<\/td>\n<\/tr>\n<tr>\n<td>Torta de ma\u00e7\u00e3<\/td>\n<td>1 fatia<\/td>\n<td>100<\/td>\n<td>252<\/td>\n<\/tr>\n<tr>\n<td>Torta de frango<\/td>\n<td>1 por\u00e7\u00e3o<\/td>\n<td>120<\/td>\n<td>230<\/td>\n<\/tr>\n<tr>\n<td>Tof\u00fa<\/td>\n<td>1 por\u00e7\u00e3o<\/td>\n<td>100<\/td>\n<td>106<\/td>\n<\/tr>\n<tr>\n<td>Tremo\u00e7o cozido<\/td>\n<td>1 prato de ch\u00e1<\/td>\n<td>100<\/td>\n<td>89<\/td>\n<\/tr>\n<tr>\n<td>Trigo<\/td>\n<td>1 colher de sopa<\/td>\n<td>20<\/td>\n<td>72<\/td>\n<\/tr>\n<tr>\n<td>Truta<\/td>\n<td>1 por\u00e7\u00e3o<\/td>\n<td>100<\/td>\n<td>89<\/td>\n<\/tr>\n<tr>\n<td>&nbsp;<\/td>\n<td>&nbsp;<\/td>\n<td>&nbsp;<\/td>\n<td>&nbsp;<\/td>\n<\/tr>\n<tr>\n<td>Uva<\/td>\n<td>1 cacho peq<\/td>\n<td>150<\/td>\n<td>118<\/td>\n<\/tr>\n<tr>\n<td>Uva passa<\/td>\n<td>1 ch\u00e1vena de ch\u00e1<\/td>\n<td>100<\/td>\n<td>298<\/td>\n<\/tr>\n<tr>\n<td>&nbsp;<\/td>\n<td>&nbsp;<\/td>\n<td>&nbsp;<\/td>\n<td>&nbsp;<\/td>\n<\/tr>\n<tr>\n<td>Vagem<\/td>\n<td>1 colher de sopa<\/td>\n<td>20<\/td>\n<td>10<\/td>\n<\/tr>\n<tr>\n<td>Vinagre<\/td>\n<td>1 colher de sopa<\/td>\n<td>10<\/td>\n<td>2<\/td>\n<\/tr>\n<tr>\n<td>Vinho branco<\/td>\n<td>1 ta\u00e7a<\/td>\n<td>100<\/td>\n<td>87<\/td>\n<\/tr>\n<tr>\n<td>Vinho tinto<\/td>\n<td>1 ta\u00e7a<\/td>\n<td>100<\/td>\n<td>75<\/td>\n<\/tr>\n<tr>\n<td>Vodka<\/td>\n<td>1 copo<\/td>\n<td>100<\/td>\n<td>230<\/td>\n<\/tr>\n<tr>\n<td>&nbsp;<\/td>\n<td>&nbsp;<\/td>\n<td>&nbsp;<\/td>\n<td>&nbsp;<\/td>\n<\/tr>\n<tr>\n<td>Waffles<\/td>\n<td>1 unidade<\/td>\n<td>25<\/td>\n<td>73<\/td>\n<\/tr>\n<tr>\n<td>Whisky<\/td>\n<td>1 dose<\/td>\n<td>50<\/td>\n<td>120<\/td>\n<\/tr>\n<\/tbody>\n<\/table>\n","protected":false},"excerpt":{"rendered":"<p>Alimento Unidade Peso (gr) Calorias Abacate 1\/2 unidade 200 324 Abacaxi 1 fatia 100 52 Abacaxi em calda 1 ta\u00e7a 100 123 Ab\u00f3bora 1 por\u00e7\u00e3o m\u00e9dia 100 40 Aboborinha 1 unidade pequena 70 20 Acelga 1 prato de sobremesa 30 9 Acerola 1 unidade 5 3 A\u00e7\u00facar 1 colher de sopa 25 100 Agri\u00e3o 1 &hellip; <\/p>\n<p class=\"link-more\"><a href=\"https:\/\/www.bemnutrir.com\/portal\/?page_id=601\" class=\"more-link\">Continuar a ler <span class=\"screen-reader-text\">&#8220;Tabela das calorias&#8221;<\/span><\/a><\/p>\n","protected":false},"author":1,"featured_media":115,"parent":0,"menu_order":0,"comment_status":"closed","ping_status":"closed","template":"","meta":{"footnotes":""},"class_list":["post-601","page","type-page","status-publish","has-post-thumbnail","hentry"],"_links":{"self":[{"href":"https:\/\/www.bemnutrir.com\/portal\/index.php?rest_route=\/wp\/v2\/pages\/601","targetHints":{"allow":["GET"]}}],"collection":[{"href":"https:\/\/www.bemnutrir.com\/portal\/index.php?rest_route=\/wp\/v2\/pages"}],"about":[{"href":"https:\/\/www.bemnutrir.com\/portal\/index.php?rest_route=\/wp\/v2\/types\/page"}],"author":[{"embeddable":true,"href":"https:\/\/www.bemnutrir.com\/portal\/index.php?rest_route=\/wp\/v2\/users\/1"}],"replies":[{"embeddable":true,"href":"https:\/\/www.bemnutrir.com\/portal\/index.php?rest_route=%2Fwp%2Fv2%2Fcomments&post=601"}],"version-history":[{"count":0,"href":"https:\/\/www.bemnutrir.com\/portal\/index.php?rest_route=\/wp\/v2\/pages\/601\/revisions"}],"wp:featuredmedia":[{"embeddable":true,"href":"https:\/\/www.bemnutrir.com\/portal\/index.php?rest_route=\/wp\/v2\/media\/115"}],"wp:attachment":[{"href":"https:\/\/www.bemnutrir.com\/portal\/index.php?rest_route=%2Fwp%2Fv2%2Fmedia&parent=601"}],"curies":[{"name":"wp","href":"https:\/\/api.w.org\/{rel}","templated":true}]}}