{"id":953,"date":"2018-03-03T13:10:45","date_gmt":"2018-03-03T12:10:45","guid":{"rendered":"https:\/\/www.bemnutrir.com\/portal\/?page_id=953"},"modified":"2022-01-22T22:41:13","modified_gmt":"2022-01-22T21:41:13","slug":"livro-a-cura-pela-alimentacao-alcalina","status":"publish","type":"page","link":"https:\/\/www.bemnutrir.com\/portal\/?page_id=953","title":{"rendered":"Livro &#8211; A Cura Pela Alimenta\u00e7\u00e3o Alcalina"},"content":{"rendered":"<div id=\"pl-953\"  class=\"panel-layout\" ><div id=\"pg-953-0\"  class=\"panel-grid panel-no-style\" ><div id=\"pgc-953-0-0\"  class=\"panel-grid-cell\" ><div id=\"panel-953-0-0-0\" class=\"so-panel widget widget_sow-image panel-first-child panel-last-child\" data-index=\"0\" ><div\n\t\t\t\n\t\t\tclass=\"so-widget-sow-image so-widget-sow-image-default-c67d20f9f743-953\"\n\t\t\t\n\t\t>\n<div class=\"sow-image-container\">\n\t\t<img fetchpriority=\"high\" \n\tsrc=\"https:\/\/www.bemnutrir.com\/portal\/wp-content\/uploads\/2018\/03\/CAPAa_cura_pela_alimentacao_alcalina.jpg\" width=\"1969\" height=\"2765\" srcset=\"https:\/\/www.bemnutrir.com\/portal\/wp-content\/uploads\/2018\/03\/CAPAa_cura_pela_alimentacao_alcalina.jpg 1969w, https:\/\/www.bemnutrir.com\/portal\/wp-content\/uploads\/2018\/03\/CAPAa_cura_pela_alimentacao_alcalina-214x300.jpg 214w, https:\/\/www.bemnutrir.com\/portal\/wp-content\/uploads\/2018\/03\/CAPAa_cura_pela_alimentacao_alcalina-768x1078.jpg 768w, https:\/\/www.bemnutrir.com\/portal\/wp-content\/uploads\/2018\/03\/CAPAa_cura_pela_alimentacao_alcalina-729x1024.jpg 729w\" sizes=\"(max-width: 706px) 89vw, (max-width: 767px) 82vw, 740px\" title=\"Cura pela alimenta\u00e7\u00e3o alcalina\" alt=\"\" \t\tclass=\"so-widget-image\"\/>\n\t<\/div>\n\n<\/div><\/div><\/div><div id=\"pgc-953-0-1\"  class=\"panel-grid-cell\" ><div id=\"panel-953-0-1-0\" class=\"so-panel widget widget_sow-editor panel-first-child panel-last-child\" data-index=\"1\" ><div\n\t\t\t\n\t\t\tclass=\"so-widget-sow-editor so-widget-sow-editor-base\"\n\t\t\t\n\t\t>\n<div class=\"siteorigin-widget-tinymce textwidget\">\n\t<p>Apresentado por: Rita Ribeiro, Marta Wahnon e Rita Mendes.<\/p>\n<p>Pref\u00e1cio da m\u00e9dica Filomena Trindade.<\/p>\n<p>O plano alimentar que protege a nossa sa\u00fade com mais energia a partir das mais saborosas receitas alcalinas.<\/p>\n<p>Conquistar mais sa\u00fade e energia, perder peso e rejuvenescer com uma alimenta\u00e7\u00e3o alcalina, funcional e preventiva. Os autores (Duarte Alves e Alexandre Fernandes) partilham neste livro tudo o que h\u00e1 a saber sobre a dieta que equilibra o pH do nosso organismo, tornando-o mais alcalino e saud\u00e1vel: os benef\u00edcios e os fundamentos da dieta, como medir o pH, como alcalinizar os alimentos, a import\u00e2ncia da \u00e1gua alcalina, os superalimentos alcalinos, o plano alimentar de 10 dias e dezenas de receitas deliciosas e supersaud\u00e1veis.<\/p>\n<p>J\u00e1 em 1931, o Dr. Otto Warburg, Pr\u00e9mio Nobel da Medicina, afirmava: \u201cNenhuma doen\u00e7a, nem mesmo o cancro, pode existir num ambiente alcalino\u201d. O tempo e numerosos estudos cient\u00edficos vieram dar-lhe raz\u00e3o. Para ser saud\u00e1vel, o corpo precisa do equil\u00edbrio entre a acidez e a alcalinidade (um pH a rondar os 7). E para isso \u00e9 preciso conhecer os alimentos certos, saber como cozinh\u00e1-los e como distribuir as refei\u00e7\u00f5es ao longo do dia. Pense num lim\u00e3o, por exemplo. \u00c9 \u00e1cido, certo? Mas na verdade, ao ser absorvido pelo organismo, torna-se num poderoso agente alcalinizante. J\u00e1 a carne, por exemplo, \u00e9 alcalina, mas no processo de digest\u00e3o acidifica muito o corpo. O que comer ent\u00e3o? A Cura Pela Alimenta\u00e7\u00e3o Alcalina, que re\u00fane os conhecimentos do Alexandre Fernandes e do Nutrichef Duarte Alves, explica os fundamentos da dieta (\u00e0 base de frutas, vegetais e legumes), mostra como alcalinizar os alimentos e revela a lista dos mais adequados, apresenta um plano alimentar de 10 dias e dezenas de receitas de acompanhamentos, temperos, sopas, saladas, pratos principais, sobremesas e snacks. S\u00e3o s\u00f3 boas not\u00edcias. Desde logo, porque a dieta prev\u00ea sete refei\u00e7\u00f5es por dia, para que esteja sempre saciado. As receitas s\u00e3o simples, deliciosas, coloridas e tornam muito f\u00e1cil (e compensador) adotar um novo estilo de vida. E apesar de aqui nunca se contarem calorias, \u00e9 garantido que se emagrece e se ganha sa\u00fade. Vamos l\u00e1 equilibrar esse pH?<\/p>\n<\/div>\n<\/div><\/div><\/div><\/div><\/div>","protected":false},"excerpt":{"rendered":"<p>Apresentado por: Rita Ribeiro, Marta Wahnon e Rita Mendes. Pref\u00e1cio da m\u00e9dica Filomena Trindade. O plano alimentar que protege a nossa sa\u00fade com mais energia a partir das mais saborosas receitas alcalinas. Conquistar mais sa\u00fade e energia, perder peso e rejuvenescer com uma alimenta\u00e7\u00e3o alcalina, funcional e preventiva. Os autores (Duarte Alves e Alexandre Fernandes) &hellip; <\/p>\n<p class=\"link-more\"><a href=\"https:\/\/www.bemnutrir.com\/portal\/?page_id=953\" class=\"more-link\">Continuar a ler <span class=\"screen-reader-text\">&#8220;Livro &#8211; A Cura Pela Alimenta\u00e7\u00e3o Alcalina&#8221;<\/span><\/a><\/p>\n","protected":false},"author":1,"featured_media":0,"parent":0,"menu_order":0,"comment_status":"closed","ping_status":"closed","template":"","meta":{"footnotes":""},"class_list":["post-953","page","type-page","status-publish","hentry"],"_links":{"self":[{"href":"https:\/\/www.bemnutrir.com\/portal\/index.php?rest_route=\/wp\/v2\/pages\/953","targetHints":{"allow":["GET"]}}],"collection":[{"href":"https:\/\/www.bemnutrir.com\/portal\/index.php?rest_route=\/wp\/v2\/pages"}],"about":[{"href":"https:\/\/www.bemnutrir.com\/portal\/index.php?rest_route=\/wp\/v2\/types\/page"}],"author":[{"embeddable":true,"href":"https:\/\/www.bemnutrir.com\/portal\/index.php?rest_route=\/wp\/v2\/users\/1"}],"replies":[{"embeddable":true,"href":"https:\/\/www.bemnutrir.com\/portal\/index.php?rest_route=%2Fwp%2Fv2%2Fcomments&post=953"}],"version-history":[{"count":3,"href":"https:\/\/www.bemnutrir.com\/portal\/index.php?rest_route=\/wp\/v2\/pages\/953\/revisions"}],"predecessor-version":[{"id":1351,"href":"https:\/\/www.bemnutrir.com\/portal\/index.php?rest_route=\/wp\/v2\/pages\/953\/revisions\/1351"}],"wp:attachment":[{"href":"https:\/\/www.bemnutrir.com\/portal\/index.php?rest_route=%2Fwp%2Fv2%2Fmedia&parent=953"}],"curies":[{"name":"wp","href":"https:\/\/api.w.org\/{rel}","templated":true}]}}